et h be (-213)/v + (-3)/(-15). Let g(l) = l**3 + 15*l**2 + 12*l - 3. List the prime factors of g(h).
5
Suppose 4 = -5*d + 2*z, -3*z + 1 = 5*d - 5. Let p be ((0 - -1) + d)*-1. What are the prime factors of 4 + 10 + 1/p?
13
Let w = 3185 + -2063. What are the prime factors of w?
2, 3, 11, 17
Let l = 606 - 174. List the prime factors of l.
2, 3
Let w(x) = 2*x**3 - 5*x**2 - 6*x. Let u be w(6). Suppose 3*n = -3*n + u. What are the prime factors of n?
2, 3
Let d(x) = 26*x**2 - 28*x - 166. List the prime factors of d(-6).
2, 7, 67
Suppose 4*n = -1 + 21. Suppose -n*f = -25, -o + 5*f - 11 + 26 = 0. List the prime factors of (-116)/(-10) - 24/o.
11
Let y = 14 - 10. Suppose -14 - 2 = -y*c. What are the prime factors of (68 - 3)*c/10?
2, 13
Let y = 18 + -6. Suppose -7*a + 105 = -y*a. Let l = a + 28. What are the prime factors of l?
7
Suppose 4*r - 6678 = -2*l, 12*l - 15*l + 10017 = 5*r. What are the prime factors of l?
3, 7, 53
Suppose -2*n + 42 = -82. Suppose -198 = -3*i + 4*l + n, -4*i + 332 = 2*l. List the prime factors of i.
2, 3, 7
Suppose 3*v - 21 = -4*f, -f + 4 = 1. Suppose -3*o + 5*w = -8 + 104, v*o = -2*w - 96. Let k = 57 + o. List the prime factors of k.
5
Suppose f - 374 = 247. What are the prime factors of f?
3, 23
Suppose 63*m + 3732 = 69*m. What are the prime factors of m?
2, 311
Suppose 3*i - g - 220 = 1645, 5*i - g = 3107. What are the prime factors of i?
3, 23
Let m = 183 - -177. Suppose -12*a + m = -17*a. Let j = -37 - a. List the prime factors of j.
5, 7
Suppose 81*u + 3332 = 95*u. What are the prime factors of u?
2, 7, 17
Suppose 5*s - 27 = 13. Let z(n) = -n**3 + 6*n**2 + 28*n - 11. What are the prime factors of z(s)?
5, 17
Let w(c) = -4*c**2 + 2*c - 2*c - c**3 + 3*c - 4. Let o be w(-5). List the prime factors of (-3)/((-5)/(80/o)).
2
Let y be (27/(-12) + -1)*4. Let u = y + 16. What are the prime factors of u?
3
Let l(g) = 43*g + 243. List the prime factors of l(24).
3, 5, 17
Let n(b) = 34 + 40 - 72 + 2*b. Let x(t) = t**3 + 8*t**2 + 5*t - 9. Let d be x(-7). List the prime factors of n(d).
2, 3
Suppose 4*y - 7179 = 2*x - 475, -x - 1678 = -y. What are the prime factors of y?
2, 3, 31
Let m(g) = -5 - 2*g**2 + 2*g - 3*g + 6 + g**3. Let q be m(1). List the prime factors of (q - (-10 - 1)) + 3.
13
What are the prime factors of (-2 - 1561/1)*78/(-234)?
521
List the prime factors of (14024 - -1)/11 + -12.
3, 421
What are the prime factors of ((-104)/(-24) - 4) + 1199/3?
2, 5
Let b be 4 + (12 - 4)/(-4). Let q(n) = 91*n - 1. What are the prime factors of q(b)?
181
Suppose -4*a = 4*s - 330 - 1934, s + 1710 = 3*a. List the prime factors of a.
569
List the prime factors of (-139)/(3*(-2)/30) - 3.
2, 173
Let g = 245 - -27. What are the prime factors of g?
2, 17
Suppose 4*z + 2168 = 2*o, -6*o = -11*o + z + 5438. List the prime factors of o.
2, 17
Let z be 8 + (2/(-6)*3 - 1). Suppose -z*n = -614 - 688. What are the prime factors of n?
7, 31
Suppose -h + 3*h - 6 = 2*m, -6 = 5*m - 2*h. Let o(r) = 3*r**2 + m*r**2 - 2*r**2 + 25. List the prime factors of o(0).
5
Let f = 834 - 201. List the prime factors of f.
3, 211
Suppose 0*l + l = -10. List the prime factors of (-75)/l*(26 + (-1 - 1)).
2, 3, 5
Let p be (-6 - -7)/((-797)/(-398) - 2). Suppose 0 = -l + 2*h + 154, 5*l - 2*h - 404 - p = 0. What are the prime factors of l?
2, 3
Let o be 3/(-6)*(5 - 5)*1. Suppose 6*y - 24*y + 1602 = o. List the prime factors of y.
89
Suppose 19 = -5*o + 4. List the prime factors of (-663)/(-12) - o/(-3*4).
5, 11
Suppose -4*m = 3*q - 7*m - 39, 3*q - 60 = -4*m. Suppose -3*c - 2*c - 4*f = -q, 3*c - 13 = f. Suppose 0 = c*l - 1 - 79. List the prime factors of l.
2, 5
List the prime factors of (-234*12/16)/((-12)/16).
2, 3, 13
Suppose 6*u = 87 + 45. Let r = 16 - u. What are the prime factors of (-4)/(-4 + (-16)/r)?
3
Suppose -99 = -2*r + y + 76, 5 = y. Let u = r + -48. Suppose -4*w = -2*p + u, 0 = -4*w + 2*w. List the prime factors of p.
3, 7
Suppose 11*o - 6272 - 9227 = 0. List the prime factors of o.
1409
Let y be (-21)/6*(-72)/14. Let j = y - 33. List the prime factors of j/30*-1*34.
17
What are the prime factors of 2/(6/15) - -2?
7
Suppose -4*m - 4*u - 647 = -9623, -6767 = -3*m + 4*u. List the prime factors of m.
13, 173
Let s(j) = 5*j**2 - j - 1. Let k be s(-1). Let x be k/(9/(-6) - -4). What are the prime factors of 62/8*(x + 2)?
31
Let t be (4 - -1)/(-5)*1. Let z(i) = -i**2 + 4*i - 3. Let v be z(4). What are the prime factors of (-260)/(-12) + t/v?
2, 11
Let h = 21 - 15. Suppose 0 = t - h*t + 40. Let m(i) = i**2 - 3*i - 19. What are the prime factors of m(t)?
3, 7
Let u(z) = -109*z + 33. List the prime factors of u(-5).
2, 17
Suppose 44*s - 14 = 45*s. Let c(y) = -y**3 - 5*y**2 + 6*y - 4. Let q be c(-6). Let x = q - s. What are the prime factors of x?
2, 5
Let l = -17 - -18. Let r = l - -76. Suppose 43 + r = 4*t. List the prime factors of t.
2, 3, 5
Let s(b) = b**3 - 8*b**2 + 14*b - 8. Let f be s(6). Suppose -o - 74 = -2*o + 4*j, 278 = f*o + 2*j. What are the prime factors of o?
2, 5, 7
Suppose 0 = -h + 594 + 239. Suppose -h = 2*g - 9*g. List the prime factors of g.
7, 17
Suppose -17*b = -19*b + 464. Suppose 2*r - b = 40. What are the prime factors of r?
2, 17
Let f(y) = -22*y**3 + 7*y**2 + 13*y - 1. Let q(u) = 11*u**3 - 3*u**2 - 6*u + 1. Let s(d) = 2*f(d) + 5*q(d). What are the prime factors of s(2)?
79
Suppose 3*f = 3*z + 1347, -3*z + 277 = -5*f + 2520. List the prime factors of f.
2, 7
Let y be (-13 - -11) + 22/2. Let s(o) = -2*o + y*o + 0*o - 3. List the prime factors of s(4).
5
Let k = -4 + 20. Suppose -m + k = 14. Suppose -m*g + 208 = 2*g. What are the prime factors of g?
2, 13
Let l(b) be the third derivative of 1/24*b**4 - 1/6*b**3 + 0*b + 7*b**2 + 0 + 1/3*b**5 - 1/120*b**6. What are the prime factors of l(20)?
19
Suppose -214 = -0*s - 2*s. Suppose 4*h + s = 639. List the prime factors of h.
7, 19
Let u be ((-60)/8)/(3/(-2)). Suppose u*z - 12*z = -42. What are the prime factors of z?
2, 3
Let r(b) = -b + 6. Let w be r(4). Suppose 3*h = w*h + 14. What are the prime factors of h?
2, 7
Let h(g) = 53*g + 43. List the prime factors of h(8).
467
Let s be 9/3 + (-7 - -6). Suppose -2*o + 658 = 5*a, 0*a + 261 = s*a + 3*o. What are the prime factors of a?
2, 3, 11
Let m(r) = r**2 - 2*r. Let j be m(4). List the prime factors of (-2 - -3)/(j/168).
3, 7
Let k(s) be the second derivative of -2*s**2 - 1/6*s**3 + 0 + 7*s. What are the prime factors of k(-6)?
2
Let l be 6/(-4)*(-28)/6. Let v = -6 + l. What are the prime factors of (v + 92/(-16))*-4?
19
Let o(k) = -k**3 + 5*k**2 + 6*k - 1. Let v be o(6). Let j(w) = 64*w**2 - 4*w - 3. What are the prime factors of j(v)?
5, 13
Suppose 31*h - 14*h = 16796. List the prime factors of h.
2, 13, 19
Suppose 5*w - 14 = 6. Let s be 1/(((-12)/(-9))/w). Suppose 0*g = s*g - 189. What are the prime factors of g?
3, 7
Let i = 735 - -580. List the prime factors of i.
5, 263
Let k(c) = c**2 - 13*c. Let g be (-1)/(-5) + 640/50. Let w be k(g). Suppose y + 3*z - 44 = w, 0*y + 176 = 4*y + 4*z. List the prime factors of y.
2, 11
Let n = -545 + 669. List the prime factors of n.
2, 31
Suppose -6*v + 26 = -64. Suppose v = i + 7. What are the prime factors of (i/10)/(4/90)?
2, 3
Let j(s) = -4*s - 4. Let d be j(-4). Suppose 127 = d*r - 293. List the prime factors of r.
5, 7
Suppose -7*d + 12*d = -2395. List the prime factors of 30/60 + d/(-2).
2, 3, 5
Suppose -23*c = -20*c - 231. Let v = c + 98. What are the prime factors of v?
5, 7
Let t = -250 - -442. Suppose 0 = -12*k + 9*k + t. What are the prime factors of k?
2
Suppose -9*k = 13*k - 59180. What are the prime factors of k?
2, 5, 269
Let l = 2 + 2. Suppose h - 3*k = 69, -2*k = h - k - 73. Suppose t = l*t - h. What are the prime factors of t?
2, 3
Let b = 41 + -64. Let a = b - -36. What are the prime factors of (-2)/a + (-1773)/(-117)?
3, 5
Suppose -4*v + 2 = -2, -4*v - 1 = -p. Suppose -p*j + 19 + 11 = 0. List the prime factors of j.
2, 3
Suppose 2*g + 5*s - 21 = -2*g, 3*g - 2*s = 10. Suppose -5*b - 172 = -g*j - 0*j, -b = -2*j + 86. List the prime factors of j.
43
Suppose 0 = -5*w + 5*r, -w = w + r. Suppose -2*c + 5*c - 387 = w. What are the prime factors of c?
3, 43
Suppose -u - 4*h + 269 = 0, h + 15 = -4*h. List the prime factors of u.
281
Suppose -w + 0*w + 8 = -4*n, w = -4*n. Suppose -5*z = -w*z - 8. L